= k**3 - 8*k**2 + s*k**2 - 11*k**2 - 3*k - 5. What is f(5)?
5
Let d(y) = -18*y - 34. Let z(f) = -11*f - 17. Let q(l) = 3*d(l) - 5*z(l). What is q(0)?
-17
Let h(p) = 19*p + p**2 - 26*p - 1 + 0. Let u = -15 - -18. Give h(u).
-13
Let y(t) = t**2 + 22*t - 71. Let j be y(-25). Let m(q) = q**2 + 6*q - 4. Give m(j).
36
Let k(r) = 3*r**2 - 18*r. Let m(v) = v**2 - v - 1. Let p(s) = k(s) - 4*m(s). Give p(-14).
4
Let i(n) = -n**3 + 2*n**2 - 2. Let t = -27 + 60. Let k = t + -31. What is i(k)?
-2
Let o(u) = 6*u**3 - u**2. Suppose 5*d + 3*v + 9 = 0, 0 = v + 2 + 1. Let w be (5 - (0 - -4))*(1 - d). Calculate o(w).
5
Let p(j) = -j**2 + 2*j + 3. Let k be (-111)/(-12) + (-2)/8. Let n(w) = w**3 - w**2 - 4*w + 4. Let g be n(1). Suppose -r + k - 11 = g. Determine p(r).
-5
Let q(x) = -x**3 + 14*x**2 - 11*x - 24. Let p be q(13). Let s(h) = 3*h**2 + 3*h**p - 3 + h + 0*h - 7*h**2. What is s(0)?
-3
Let l be (2 + 4)*1 + 10. Let j(y) = y**3 - 15*y**2 - 14*y - 19. Calculate j(l).
13
Let u(t) = -t**2 - t + 5*t - 2 + t. Let c = -25 + 28. Calculate u(c).
4
Let l = 685 + -682. Let c(r) be the third derivative of -1/60*r**5 - 6*r**2 - 1/24*r**4 - 1/6*r**l + 0*r + 1/60*r**6 + 0. Give c(2).
9
Let b(d) = -d**3 - 4*d**2 + 9*d + 17. Let z be b(-5). Let p(y) = y**2 + 3*y + 5. Give p(z).
5
Let o(z) be the third derivative of -z**5/60 + 17*z**4/24 + 13*z**3/6 - 5*z**2. Let f be o(18). Let n(u) = -u**2 - 6*u + 2. What is n(f)?
7
Suppose -2*t + 2 = 0, 3*t - 6 = -m - t. Let f(j) = j**3 + 14*j + 2*j + 0*j + 6*j**m - 9*j + 4. Calculate f(-4).
8
Let k(v) = 6*v - 5. Let r(s) = -5*s + 5. Let j(l) = 4*k(l) + 5*r(l). What is j(-13)?
18
Let b(u) = -13*u**2 + 9*u + 17. Let c(v) = 7*v**2 - 5*v - 9. Let g(k) = -6*b(k) - 11*c(k). Let j be (-5)/(40/(-6))*4. What is g(j)?
9
Suppose 0 = -0*a + a - 6. Suppose 0 = 2*j - 0 - a. Let o(x) be the first derivative of -x**4/4 + x**3 - x**2 + 4*x - 16. Give o(j).
-2
Let x(l) be the first derivative of l**2 + 3*l + 15 - 25 - 2*l**2. Suppose -3*g - 23 = 4*a, -5*a - 2*g = 18 + 9. What is x(a)?
13
Let o(k) = 8*k - 21*k + 18*k - 1 + k**2. Determine o(-5).
-1
Suppose 4*v - 4*g - 35 = -135, -v = 5*g + 55. Let y be (2/v*-5)/((-1)/15). Let c(b) = -b**2 - 6*b. Calculate c(y).
5
Let m(p) be the third derivative of 2/15*p**5 - 20*p**2 + 0 + 1/2*p**4 - 3/2*p**3 - 1/120*p**6 + 0*p. What is m(9)?
18
Let g(o) = -o**3 + o**2 + 3*o - 2. Let j be (-8*(4 + (-30)/8))/1. Determine g(j).
4
Let n(y) = -2*y**3 + 3*y**2 - 1. Let r(j) be the first derivative of j**4/2 - 2*j**3/3 - j**2/2 + j - 2. Let m(g) = 2*n(g) + 3*r(g). What is m(2)?
11
Let g(o) be the second derivative of 0*o**5 - o + 1/720*o**6 - 1/4*o**4 + 0*o**2 + 0 + 0*o**3. Let s(j) be the third derivative of g(j). Calculate s(1).
1
Suppose 4*n = -3*t - 42 + 44, 0 = -3*t - 3*n. Let f(o) = 1 - o**2 - 2 - 2*o**2 - o. Give f(t).
-11
Let f be 32/24*9/(6/(-2)). Let q(k) = -3*k - 3. Determine q(f).
9
Let d(t) = 2*t**2 + 7*t - 11. Let n be (-2)/(-1*(-4)/(-10) - 0). Let u(m) = -m**2 - 4*m + 6. Let b(y) = n*u(y) + 3*d(y). Give b(0).
-3
Let y be 0 + (-1)/5*0. Let l(o) = 29 - o**2 - o + 0*o + 0*o + o**3 - 31. Determine l(y).
-2
Let f(k) = 3*k**3 + k**2 - 2*k - 2. Suppose -5*j + 3 = m, -5*m - 33 = 4*j - 27. Determine f(m).
-18
Let b = 20 + -14. Let d(z) = z**2 + b - 1 - z - 7*z - 3. Determine d(8).
2
Suppose -17 - 79 = 16*o. Let d(g) be the third derivative of -g**6/120 - g**5/12 + g**4/4 + g**3/3 - 4*g**2. Give d(o).
2
Suppose 0 = -i - 19*c + 16*c + 11, -2*c = i - 7. Let z(r) = -4*r**2 + 7*r + 6. What is z(i)?
-5
Let m(r) = 3*r**3 - 2*r**3 + 8*r + 24*r**2 - 15*r**2 + 2. What is m(-8)?
2
Suppose z = -2*z. Let v(y) = 1. Let l(t) = -t**2 - t + 10. Let n(k) = -l(k) + 5*v(k). Calculate n(z).
-5
Let v(g) = -26 + 8*g - 32 - 35 + 95. What is v(-5)?
-38
Let s(k) = k**3 + 5*k**2 - 6. Let l be s(-5). Let z = -1 - -6. Let n(w) = z + 6*w + 0 - 4*w. Give n(l).
-7
Let f(m) = -5*m + 7. Let z(d) = 2*d**3 + 27*d**2 + 14*d + 17. Let b be z(-13). Determine f(b).
-13
Let z(g) = -3*g**3 + 13*g**2 + 4*g - 9. Let y(b) = b**3 - 6*b**2 - 2*b + 4. Let q(a) = 5*y(a) + 2*z(a). Calculate q(-3).
-1
Let m(x) = -x + 1. Let h(f) = 8*f - 10. Let p(u) = h(u) + 10*m(u). Let c be p(0). Let t be 0 - c*(-1)/3. Let s(w) = -w**2 - w - 7. Calculate s(t).
-7
Let y(z) be the first derivative of -z**4/24 + z**3/2 - 17*z**2/2 + 7. Let d(k) be the second derivative of y(k). Give d(-3).
6
Let w(m) = -m**3 + m**2 - m. Let r(t) = -8*t**2 + 0*t - 291 - t + 297 + t**3. Let o(s) = r(s) + 2*w(s). Calculate o(-5).
-4
Let t(s) = -2*s + 9. Suppose 5*n + 400 - 75 = 5*i, 55 = i - 3*n. Suppose 0 = -10*h - 0*h + i. Calculate t(h).
-5
Let w be (-1)/((-2)/(-8) + (-42)/72). Let c(y) = -2*y**2 - w*y + 36 + y**2 + 2*y**2 - 34. Calculate c(3).
2
Let t be ((-10)/6 - -2)*3. Let l(v) = -t - v**2 - v + 0*v + 2*v**2. Suppose -8*i - 15 = -7. Calculate l(i).
1
Let n(u) = -2*u**2 - 17*u + 124. Let g be n(-13). Let s(q) = -2*q + 3*q + 3 - 1. What is s(g)?
9
Let g(y) = y**2 - 7*y + 7. Let n be g(7). Let s be (-36)/(-7) - 1/n. Let q(a) be the first derivative of -3*a**2/2 + 5*a - 1. Calculate q(s).
-10
Suppose 3*z - 4*o = z - 8, z = -2*o + 16. Let w(l) = l**2 - 6*l + 1. Let g be w(z). Let k(n) = -2*n**2 - 9*n + n**2 - g + 10*n. What is k(-2)?
-7
Let h(u) = 9*u + 40. Let t(y) = -1. Let f(d) = -h(d) + 6*t(d). Give f(-5).
-1
Suppose k - 17 = 4*c, 4*k + 27 = c - 4*c. Let z(a) = a**3 - 4*a + 6. What is z(k)?
-9
Suppose 3*g - 6 = 0, g = 5*w + 5*g - 68. Let n be (-2)/(-6) - 16/w. Let t(j) = -11*j**2 + j. Determine t(n).
-12
Let z = -18 + 22. Let p(l) = 7*l**2 - l**3 - 2 + 4*l**2 - 8*l**2 + l**2. What is p(z)?
-2
Let d(r) = -2*r - 1. Suppose 35 = 9*g - 4*g. Suppose -23*a - 16 = -g*a. Determine d(a).
1
Let n(k) = 2383 - k**2 + 6*k - 2376 + 0*k**2. Let m(t) = -10 + 10 - 3*t. Let u be m(-2). What is n(u)?
7
Let z = 1 + 6. Suppose 2*w + z + 6 = -3*j, -j - 5*w = 0. Let q(l) = 2*l + 0 + 6*l**2 + l**3 + 2 - 5 + 2 - 1. Give q(j).
13
Let g(w) = 2*w**2 + 6*w + 12. Let h(v) = v**3 + v**2 - 41*v - 9. Let n be h(6). Give g(n).
12
Let a(q) = -23*q**2 - 7*q - 11. Let t(x) = 8*x**2 + 3*x + 4. Let m(f) = -4*a(f) - 11*t(f). What is m(4)?
44
Let a(h) = -3*h**3 - 5*h**2 - 17*h - 1. Let i(k) = 2*k**3 + 4*k**2 + 9*k + 1. Let r(f) = -3*a(f) - 5*i(f). Determine r(-6).
-2
Let m be (4 - 3)/(17/51). Let b(u) = 3*u + 0*u - u**3 + 1 + u + 3*u**2. Calculate b(m).
13
Suppose 68 = -12*x - 4. Let s(i) = -2*i - 2. Calculate s(x).
10
Let n(v) = -v**3 + 6*v**2 - 2*v - 5. Let l = 3 + 2. Give n(l).
10
Let q be (1/3)/((-23)/414). Let f(x) = -2*x**2 + 6*x - 1. Let o(p) = p**2 - 6*p + 2. Let c(g) = -2*f(g) - 3*o(g). Determine c(q).
-4
Let r(o) be the second derivative of -1/120*o**5 + 0 + 1/4*o**4 - 2*o**3 - o + 0*o**2. Let b(k) be the second derivative of r(k). Calculate b(6).
0
Let y(k) = -k**3 + 5*k**2 - 7*k + 6. Let v(q) = q**2 + 3*q. Suppose -3*u = -3*w - 57, -37 = -5*u - 4*w + 85. Let i = -26 + u. Let n be v(i). What is y(n)?
-6
Let x(c) be the first derivative of -c**5/20 - 5*c**4/12 - c**3/6 + 7*c**2/2 + 12*c - 38. Let d(n) be the first derivative of x(n). What is d(-5)?
12
Let j(g) be the first derivative of g**3/3 - 5*g**2/2 + 6*g - 2. Let k = 109 + -105. Calculate j(k).
2
Let p(y) = -y - 2. Suppose -56 = 4*t + 3*k + 1, -33 = 4*t - 5*k. Determine p(t).
10
Let d be 18/(-22) + 56/(-308). Let a(m) = -m**2 + m - 1. Let l(j) = -6*j**3 - 4*j**2 + 2*j - 3. Let z(s) = 3*a(s) - l(s). Give z(d).
-6
Let w(l) = l - 2. Let s be (-8 - 4)/(-2 + 3). Let z be 4/(-24) - 98/s. Suppose r - h - z = -3*r, r = -4*h + 2. What is w(r)?
0
Let d(z) = -z**3 - 17*z**2 + 22*z + 76. Let r = 330 + -348. Calculate d(r).
4
Let g(l) = 14*l**3 + 31*l**2 + 13*l - 11. Let p(v) = -7*v**3 - 17*v**2 - 7*v + 6. Let k(m) = 6*g(m) + 11*p(m). Calculate k(1).
7
Suppose -3 = -2*u + 2*f + 7, 0 = -5*u + 3*f + 17. Let y(q) = -17*q**2 + 4*q - 2. Determine y(u).
-15
Let n = -119 - -113. Let h be (n + (-14)/(-2))/(2/10). Let r(k) = -k + 1. Determine r(h).
-4
Let y(x) = -x**2 - x + 5. Suppose -5*m - 25 + 10 = 0. Determine y(m).
-1
Suppose -336 = -10*b + 2*b. Let j = 38 - b. Let f(m) = m**2 + 6*m + 4. Give f(j).
-4
Let u = -3 - -4. Let q(f) be the third derivative of 0 + 0*f - 1/6*f**4 - 39*f**2 - 1/6*f**3. Calculate q(u).
-5
Suppose 5*k = -3*m - 10, 4 - 10 = 3*k + 4*m. Let t(d) = d**3 - d. Let y(g) = 1 